2 - 11*y + 12. Let v be k(5). Calculate the highest common factor of v and n.
19
Let i be ((-9)/15)/((-27)/765). What is the greatest common divisor of i and 1241?
17
Let l = 29 + 10. Calculate the highest common factor of 39 and l.
39
Suppose -2*u + 12 = 4. Suppose -u*w = -24 + 60. Let q be w/15 + (-86)/(-10). What is the highest common factor of q and 32?
8
Let d(l) = -2*l + 92. Let b be d(33). Calculate the greatest common divisor of b and 1430.
26
Let d(b) = b + 15. Let c be d(-10). Suppose 0 = -c*m + 11 + 269. Calculate the greatest common divisor of m and 14.
14
Suppose -8*r = -12*r + 7680. Calculate the highest common factor of r and 6.
6
Let c(x) = x**3 + 6*x**2 + x + 9. Suppose 4*h - 9*h + 2*b = 20, -b - 29 = 4*h. Let a be c(h). Calculate the highest common factor of a and 15.
3
Suppose 13*l + 12 - 13 - 38 = 0. Suppose 0 = j - 5*j + 164. Let p = -26 + j. Calculate the highest common factor of l and p.
3
Suppose 165 = 6*x - x - 5*q, -87 = -4*x - 5*q. Calculate the highest common divisor of x and 574.
14
Let u = 489 + -399. What is the greatest common divisor of 40 and u?
10
Let v = -2372 + 2438. What is the greatest common divisor of v and 627?
33
Let p = -15 - -31. Suppose 3*b = -g - 99, 2*b = 4*g + 179 + 259. Let q be 320/(-24)*g/10. What is the highest common factor of q and p?
16
Let n(m) = 102*m**2 + 7*m - 7. Let j be n(1). Calculate the highest common factor of j and 51.
51
Let u = -60 + 9. Let f be (-11 - u)*2/5. Calculate the highest common divisor of f and 16.
16
Let n = -658 + 674. What is the greatest common divisor of 184 and n?
8
Let n be (-5)/(-15) - 88/(-6). Suppose -5*z + n = -195. Calculate the highest common divisor of z and 21.
21
Suppose -2*l = -6*l + 36. Suppose -g = -f + 5*f - 472, 0 = f + 4*g - 133. Let r = f + -45. Calculate the greatest common divisor of r and l.
9
Let v be ((-5)/4)/((-23)/3220). What is the greatest common factor of v and 35?
35
Suppose 5*m - 4*u - 75 = 0, 45 = 31*m - 28*m - 4*u. What is the greatest common divisor of m and 1905?
15
Suppose -8*z - 664 = -4408. What is the greatest common divisor of 52 and z?
52
Let k(p) = 4*p**2 - 11*p + 13. Let n be k(4). Calculate the highest common factor of 418 and n.
11
Suppose -2*w - 78 = -4*u, -64 + 16 = w - 5*u. Let b = 38 + w. Suppose 4*a - 3*l = 36, -a + b*a - 4*l - 32 = 0. What is the highest common divisor of a and 84?
12
Let d be 7 + -1*(2 - -1). Suppose -5*q = -2*s + 74 - 13, 4*s - 136 = -d*q. Suppose 6*y = -25 + 157. Calculate the greatest common divisor of s and y.
11
Let j = 533 + -464. Calculate the greatest common factor of j and 161.
23
Suppose 86 = -3*v + 4*a, -5*v + 2*a - 125 = -a. Let b = -6 - v. Let z = 42 - 26. What is the highest common factor of z and b?
16
Suppose 0 = 13*h - 178 - 95. Calculate the highest common divisor of 7 and h.
7
Suppose -2*x + 7*x - g + 156 = 0, 0 = -5*x + 5*g - 140. Let o be ((-7)/((-28)/81))/((-6)/x). Calculate the greatest common factor of 18 and o.
18
Let r = 914 - 539. What is the greatest common factor of r and 15?
15
Suppose -3*c + 139 = -5*t, 120 + 75 = 4*c + 3*t. Let v be (1 + (-10)/4)*-16. Let m = 48 - v. Calculate the greatest common divisor of c and m.
24
Let a = 87 + -84. Let w(n) = n**2 - 4*n - 8. Let k be w(6). Let v be (a - -2 - k)*175. What is the greatest common factor of v and 25?
25
Suppose 2*a - 3 - 5 = 4*f, -5*a = -2*f + 12. Let w = a - -14. Calculate the greatest common divisor of w and 4.
2
Suppose 2*p + 11 = 51. Calculate the greatest common divisor of 85 and p.
5
Suppose 5*o - 30 - 45 = -5*x, -4*o = 3*x - 60. What is the greatest common factor of o and 6?
3
Let o(y) = y**2 - 8*y - 120. Let v be o(18). Calculate the highest common divisor of v and 540.
60
Suppose -1062 = -11*x - 622. Suppose -g - 3*g = -20. Calculate the greatest common factor of g and x.
5
Let i be 6/210*-5 + (-30)/(-14). Suppose -1 = 4*p + 3, 4*s + 5*p = 51. Calculate the greatest common factor of s and i.
2
Let t = 8 - 11. Let x = t - -4. Let k be (18 + 8)*x/2. What is the highest common divisor of k and 104?
13
Suppose n = -4*b - 5, -2*n - 2 = -3*b - 3. Let q be b + -3 - (-67 + 21). Calculate the greatest common factor of q and 105.
21
Let c(f) be the third derivative of -f**6/40 - f**3 + 24*f**2. Let n be c(-3). What is the greatest common divisor of n and 15?
15
Let g be (-7)/(-14) + 2/4. Let s be 22/g*3 - 2. Suppose -4 = 2*x - 36. What is the greatest common factor of x and s?
16
Let v = 392 + -362. Calculate the highest common factor of v and 15.
15
Let n(m) = m**2 + 7*m - 12. Let s be n(5). Suppose -4*t = -16 - 8. What is the highest common divisor of s and t?
6
Let f be -1 + 1556/20 + 5/25. What is the highest common factor of 14 and f?
7
Let i be 12/(-15)*10/(-4). Suppose 3*f - 70 = -2*f. Suppose -i*r + f = -14. Calculate the highest common divisor of 7 and r.
7
Let q = -36 + 50. Suppose -q*y + 144 = -12*y. What is the highest common factor of y and 9?
9
Let v be -166 - -273 - (-13)/1. Calculate the highest common factor of v and 312.
24
Let u(p) = -p**2 + 6*p - 2. Let k be u(4). Let w(l) = l**3 - 13*l**2 + 37*l - 1. Let v be w(4). Calculate the greatest common divisor of k and v.
3
Suppose -94 = -41*u + 39*u + 4*p, -3*u + 139 = -4*p. What is the greatest common factor of u and 150?
15
Suppose 0 = 3*i - 25*i + 3564. Let q be ((-9)/4)/(6/(-48)). What is the highest common divisor of i and q?
18
Suppose 32*u - 2024 - 2616 = 0. Let r(n) = -n**2 - 8*n + 3. Let f be r(-7). Let p be (4/f)/(1/145). What is the highest common divisor of p and u?
29
Let q(t) = -21*t**3 + t**2 + t - 1. Let l be q(-1). Let k be (-1 - -4)/(108/360). Calculate the highest common divisor of k and l.
10
Let p = -217 + 730. What is the greatest common factor of p and 399?
57
Let t be (-240)/9*36/(-16). Let k be 10/(-35) - 46/(-14). Suppose 49 = k*y + q, 0*q = -5*y - q + 79. Calculate the highest common factor of t and y.
15
Let t = 25 - 27. Let h(w) = -w**3 - w**2 + 2*w. Let l be h(t). Suppose l = -7*p + 4*p + 90. Calculate the highest common divisor of 210 and p.
30
Let t = -430 + 493. Calculate the greatest common factor of t and 357.
21
Let y be 2/6 - 143/(-3). Suppose 49*z - 10*z - 234 = 0. What is the greatest common factor of z and y?
6
Suppose -2*d = -6*d + 8. Suppose 0 = -u + d*u - 34. Suppose -2*a + 3*k + 190 = u, -5*a + 4*k = -397. Calculate the greatest common factor of 9 and a.
9
Suppose 0 = -4*k - 9 + 17. Suppose k*d = 5*d - 15. Suppose 5*v + h = 29, -d*v - 5*h + 19 = -v. What is the highest common divisor of v and 18?
6
Suppose l = 1, r = 6*r - 2*l - 298. Calculate the highest common divisor of 20 and r.
20
Let b(k) be the third derivative of k**6/60 + 3*k**5/5 - k**4/8 - 11*k**3/3 + 35*k**2. Let q be b(-18). Calculate the greatest common divisor of q and 64.
32
Suppose 89*w = 52*w + 74. Calculate the highest common divisor of 9 and w.
1
Let x = 118 - 40. Calculate the highest common divisor of x and 39.
39
Suppose 72 = 5*d - d. Let b be (-435)/6*(3 - 9). Suppose -b = -3*a + g - 3, 3*a = 5*g + 432. What is the highest common factor of d and a?
18
Let w = 94 - 126. Let i be -2*(-12)/w + (-111)/(-4). Calculate the highest common factor of 81 and i.
27
Let d be (-2 - 0) + -1 + -3 + 167. Calculate the greatest common factor of 7 and d.
7
Suppose 3 + 21 = 4*d. Let a be (2 - 1) + 324/d. Suppose 0 = 4*i - 26 - 18. What is the greatest common divisor of a and i?
11
Let z(t) = t**3 + 25*t**2 + 95*t - 41. Let i be z(-19). Calculate the highest common factor of i and 5.
5
Suppose 0 = 2*o + 6, -2*y + 96 = 4*o - 36. Let d be (y/(-14))/((-3)/14). What is the greatest common factor of d and 32?
8
Let k(h) = 2*h - 1. Let x be k(2). Suppose 5*z - 1408 = -x*z. Calculate the highest common factor of 16 and z.
16
Suppose -3*i + 8*i - 10 = 0. Suppose -130 = -i*b - 22. Suppose -1134 = -8*c - 6*c. Calculate the greatest common factor of c and b.
27
Suppose 4*u - 2229 = -2001. What is the highest common divisor of 95 and u?
19
Suppose 5*u - 85 = -5*m, -2*u + 3*u = -2*m + 13. Let t(l) = 77*l - 217. Let n be t(5). What is the greatest common factor of n and u?
21
Let x = 318 + -261. Calculate the greatest common factor of x and 684.
57
Suppose -8*m + 880 = -0*m. Suppose -5*w + m = -w + 5*z, -w + 28 = z. What is the highest common factor of 210 and